    {"id":369,"date":"2011-03-10T12:32:05","date_gmt":"2011-03-10T12:32:05","guid":{"rendered":"http:\/\/pexeto.com\/highlight_wp\/?page_id=369"},"modified":"2026-01-18T18:18:57","modified_gmt":"2026-01-18T17:18:57","slug":"nivo-slider","status":"publish","type":"page","link":"https:\/\/kaltenecker-haus.com\/?page_id=369&lang=hu","title":{"rendered":"hu_F\u0151oldal"},"content":{"rendered":"<h1 class=\"r\" style=\"text-align: center;\"><strong>\u00dcdv\u00f6z\u00f6lj\u00fck oldalunkon!<\/strong><\/h1>\n<h3 style=\"text-align: center;\"><em>Honlapunk\u00a0pontosan \u00d6nnek k\u00e9sz\u00fclt, hogy min\u00e9l t\u00f6bb\u00a0inform\u00e1ci\u00f3hoz jusson szolg\u00e1ltat\u00e1sainkkal kapcsolatban!<\/em><\/h3>\n<blockquote><p><span class=\"drop-caps\">A <\/span>Kaltenecker-H\u00e1z, t\u00f6bb klimatiz\u00e1lt appartmannal \u00e9s f\u00fcrd\u0151szob\u00e1s szob\u00e1val rendelkezik. 2 &#8211; 3 &#8211; 4 &#8211; 5 f\u0151s elhelyez\u00e9sre van lehet\u0151s\u00e9g, \u00edgy ak\u00e1r egy f\u0151t\u0151l nagyobb csoportig van f\u00e9r\u0151hely\u00fcnk. Az appartmanokban minikonyha, a f\u00fcrd\u0151szob\u00e1s szob\u00e1kban h\u0171t\u0151, mikrohull\u00e1m\u00fa s\u00fct\u0151, v\u00edzforral\u00f3, k\u00e1v\u00e9f\u0151z\u0151 \u00e9s ed\u00e9nyek vannak. Minden appartmanhoz \u00e9s f\u00fcrd\u0151szob\u00e1s szob\u00e1hoz terasz, illetve balkon valamint k\u00e1beltelev\u00edzi\u00f3 tartozik. A h\u00e1znak sz\u00e9pen \u00e1polt nagy kertje \u00e9s z\u00e1rt parkol\u00f3ja van. Hasonl\u00f3 panzi\u00f3k \u00e9s csal\u00e1di h\u00e1zak k\u00f6z\u00f6tt fekszik egy mell\u00e9kutc\u00e1ban. A t\u00f3t\u00f3l 600-700 m\u00e9terre, v\u00e1s\u00e1rl\u00e1si lehet\u0151s\u00e9gt\u0151l, \u00e9tteremt\u0151l, 300 m\u00e9terre, a v\u00e1rosk\u00f6zpontt\u00f3l k\u00f6r\u00fclbel\u00fcl 800 m\u00e9terre.<\/p><\/blockquote>\n\t\n    <script src=\"http:\/\/ajax.googleapis.com\/ajax\/libs\/webfont\/1\/webfont.js\"><\/script>\n    <script type=\"text\/javascript\">\n\tWebFont.load({\n\t\tgoogle: {\n\t\tfamilies: ['Arial'] \/\/ saved value\n\t\t}\n\t});\n    <\/script>\n\n    <style>\n    #lbsp_991 .b-link-fade .b-wrapper,#lbsp_991 .b-link-fade .b-top-line{\n        background: rgba(201, 201, 201, 0.3);\n    }\n    #lbsp_991 .b-link-flow .b-wrapper,#lbsp_991 .b-link-flow .b-top-line{\n        background: rgba(201, 201, 201, 0.3);\n    }\n    #lbsp_991 .b-link-stroke .b-top-line{\n        background: rgba(201, 201, 201, 0.3);\n    }\n    #lbsp_991 .b-link-stroke .b-bottom-line{\n        background: rgba(201, 201, 201, 0.3);\n    }\n\n    #lbsp_991 .b-link-box .b-top-line{\n\n        border: 16px solid rgba(201, 201, 201, 0.3);\n    }\n    #lbsp_991 .b-link-box .b-bottom-line{\n        background: rgba(201, 201, 201, 0.3);\n    }\n    #lbsp_991 .b-link-stripe .b-line{\n        background: rgba(201, 201, 201, 0.3);\n    }\n    #lbsp_991 .b-link-apart-horisontal .b-top-line,#lbsp_991 .b-link-apart-horisontal .b-top-line-up{\n        background: rgba(201, 201, 201, 0.3);\n\n    }\n    #lbsp_991 .b-link-apart-horisontal .b-bottom-line,#lbsp_991 .b-link-apart-horisontal .b-bottom-line-up{\n        background: rgba(201, 201, 201, 0.3);\n    }\n    #lbsp_991 .b-link-apart-vertical .b-top-line,#lbsp_991 .b-link-apart-vertical .b-top-line-up{\n        background: rgba(201, 201, 201, 0.3);\n    }\n    #lbsp_991 .b-link-apart-vertical .b-bottom-line,#lbsp_991 .b-link-apart-vertical .b-bottom-line-up{\n        background: rgba(201, 201, 201, 0.3);\n    }\n    #lbsp_991 .b-link-diagonal .b-line{\n        background: rgba(201, 201, 201, 0.3);\n    }\n\n    #lbsp_991 .b-wrapper{\n        font-family:Arial; \/\/ real name pass here\n    }\n\t@media (min-width: 992px){\n\t\t#lbsp_991 .col-md-6 {\n\t\t\twidth: 49.97% !important;\n\t\t}\n\t\t#lbsp_991 .col-md-4 {\n\t\t\twidth: 33.30% !important;\n\t\t}\n\t\t#lbsp_991 .col-md-3 {\n\t\t\twidth: 24.90% !important;\n\t\t}\n\t\t#lbsp_991 .col-md-2 {\n\t\t\twidth: 16.60% !important;\n\t\t}\n\t}\n\timg {\n\t\tmax-width:1600px !important;\n\t}\n\t\n\t#lbsp_991 .lbsp_home_portfolio_caption{\n\t\tbackground:#FFFFFF;\n\t}\n\t#lbsp_991 .lbsp_home_portfolio_caption h3{\n\t\tcolor:#000000;\n\t}\n\t#lbsp_991 .fa{\n\t\tcolor:#FFFFFF!important;\n\t}\n\t\t#lbsp_991 .img-box-shadow{\n\t\tbox-shadow: 0 0 6px rgba(0,0,0,.7);\n\t}\n\t\t\n\t    <\/style>\n\n    \n    <div  class=\"gal-container \" id=\"lbsp_991\">\n\t\t\t\t\t<!--get the post id-->\n\t\t\t\t\t\t\t\t\t<div style=\"display:block;float:left\">\n\t\t\t\n\t\t\t\t<!--Gallery Title-->\n\t\t\t\t\t\t\t\t\n\t\t\t\t<div class=\"\">\n\t\t\t\t\t\t\t\t\t\t\t<div class=\"col-md-4 col-sm-6 wl-gallery\" >\n\t\t\t\t\t\t\t<div class=\"img-box-shadow\">\n\t\t\t\t\t\t\t\t\t\t\t\t\t\t\t\t\t<a title=\"\" class=\"fancybox\" data-fancybox-group=\"gallery\"  href=\"https:\/\/kaltenecker-haus.com\/wp-content\/uploads\/2020\/06\/Main_Site_01-3.jpg\">\n\t\t\t\t\t\t\t\t\t\t\t<img decoding=\"async\" src=\"https:\/\/kaltenecker-haus.com\/wp-content\/uploads\/2020\/06\/Main_Site_01-3-400x400.jpg\" class=\"gall-img-responsive\" style=\"display:none !important; visibility:hidden\" alt=\"\">\n\t\t\t\t\t\t\t\t\t\t\t<div class=\"b-link-flow b-animate-go\">\n\t\t\t\t\t\t\t\t\t\t\t\t<img decoding=\"async\" src=\"https:\/\/kaltenecker-haus.com\/wp-content\/uploads\/2020\/06\/Main_Site_01-3-400x400.jpg\" class=\"gall-img-responsive\" alt=\"\">\n\t\t\t\t\t\t\t\t\t\t\t<\/div>\n\t\t\t\t\t\t\t\t\t\t<\/a>\n\t\t\t\t\t\t\t\t\t\t\t\t\t\t\t\t\t\t\n\t\t\t\t\t\t\t\t\n\t\t\t\t\t\t\t\t<!--Gallery Label-->\n\t\t\t\t\t\t\t\t\t\t\t\t\t\t\t<\/div>\n\t\t\t\t\t\t<\/div>\n\t\t\t\t\t\t\t\t\t\t\t\t<div class=\"col-md-4 col-sm-6 wl-gallery\" >\n\t\t\t\t\t\t\t<div class=\"img-box-shadow\">\n\t\t\t\t\t\t\t\t\t\t\t\t\t\t\t\t\t<a title=\"\" class=\"fancybox\" data-fancybox-group=\"gallery\"  href=\"https:\/\/kaltenecker-haus.com\/wp-content\/uploads\/2017\/01\/Main_Site_02.jpg\">\n\t\t\t\t\t\t\t\t\t\t\t<img decoding=\"async\" src=\"https:\/\/kaltenecker-haus.com\/wp-content\/uploads\/2017\/01\/Main_Site_02-400x400.jpg\" class=\"gall-img-responsive\" style=\"display:none !important; visibility:hidden\" alt=\"\">\n\t\t\t\t\t\t\t\t\t\t\t<div class=\"b-link-flow b-animate-go\">\n\t\t\t\t\t\t\t\t\t\t\t\t<img decoding=\"async\" src=\"https:\/\/kaltenecker-haus.com\/wp-content\/uploads\/2017\/01\/Main_Site_02-400x400.jpg\" class=\"gall-img-responsive\" alt=\"\">\n\t\t\t\t\t\t\t\t\t\t\t<\/div>\n\t\t\t\t\t\t\t\t\t\t<\/a>\n\t\t\t\t\t\t\t\t\t\t\t\t\t\t\t\t\t\t\n\t\t\t\t\t\t\t\t\n\t\t\t\t\t\t\t\t<!--Gallery Label-->\n\t\t\t\t\t\t\t\t\t\t\t\t\t\t\t<\/div>\n\t\t\t\t\t\t<\/div>\n\t\t\t\t\t\t\t\t\t\t\t\t<div class=\"col-md-4 col-sm-6 wl-gallery\" >\n\t\t\t\t\t\t\t<div class=\"img-box-shadow\">\n\t\t\t\t\t\t\t\t\t\t\t\t\t\t\t\t\t<a title=\"\" class=\"fancybox\" data-fancybox-group=\"gallery\"  href=\"https:\/\/kaltenecker-haus.com\/wp-content\/uploads\/2017\/01\/Main_Site_03-1.jpg\">\n\t\t\t\t\t\t\t\t\t\t\t<img decoding=\"async\" src=\"https:\/\/kaltenecker-haus.com\/wp-content\/uploads\/2017\/01\/Main_Site_03-1-400x400.jpg\" class=\"gall-img-responsive\" style=\"display:none !important; visibility:hidden\" alt=\"\">\n\t\t\t\t\t\t\t\t\t\t\t<div class=\"b-link-flow b-animate-go\">\n\t\t\t\t\t\t\t\t\t\t\t\t<img decoding=\"async\" src=\"https:\/\/kaltenecker-haus.com\/wp-content\/uploads\/2017\/01\/Main_Site_03-1-400x400.jpg\" class=\"gall-img-responsive\" alt=\"\">\n\t\t\t\t\t\t\t\t\t\t\t<\/div>\n\t\t\t\t\t\t\t\t\t\t<\/a>\n\t\t\t\t\t\t\t\t\t\t\t\t\t\t\t\t\t\t\n\t\t\t\t\t\t\t\t\n\t\t\t\t\t\t\t\t<!--Gallery Label-->\n\t\t\t\t\t\t\t\t\t\t\t\t\t\t\t<\/div>\n\t\t\t\t\t\t<\/div>\n\t\t\t\t\t\t\t\t\t\t<\/div>\n\t\t\t\t\t\t<\/div>\n\t\t\t\t\n\t\t    <\/div>\n\n\t<!-- Photo box-->\n    \t\n\t\n\t<!-- Swipe Box-->\n\t\t\n\t<!-- Ion box-->\n\t\t\n\t\n\t<!-- Fancy box-->\n\t\t<script type=\"text\/javascript\">\n\tjQuery(document).ready(function() {\n\t\tjQuery('.fancybox').fancybox();\n\t});\n\t<\/script>\n\t\t\t\n        \n<div><\/div>\n<div><\/div>\n<div>\n<div class=\"columns-wrapper\">\n<blockquote><p><span class=\"drop-caps\">B<\/span>alatonf\u00fcred vil\u00e1h\u00edr\u0171 gy\u00f3gy- \u00e9s \u00fcd\u00fcl\u0151hely a Balaton \u00e9szaki partj\u00e1n. Szerencs\u00e9s fekv\u00e9se, term\u00e9szeti adotts\u00e1gai, mediterr\u00e1n \u00e9ghajlata, gy\u00f3gyvizei \u00e9s a t\u00f3 adta turisztikai lehet\u0151s\u00e9gek alapozt\u00e1k meg h\u00edrnev\u00e9t. Term\u00e9szetesen a v\u00e1ros t\u00f6rt\u00e9nelmi m\u00faltja, mai k\u00falt\u00far\u00e1lis \u00e9lete, sz\u00edvgy\u00f3gy\u00e1szatban bet\u00f6lt\u00f6tt szerepe is hozz\u00e1j\u00e1rult ehhez. Vizisportok, ker\u00e9kp\u00e1rt\u00far\u00e1k, jelzett gyalogt\u00farautak, labdaj\u00e1t\u00e9kok \u00e9s egy\u00e9b sportlehet\u0151s\u00e9gek j\u00f3l eg\u00e9sz\u00edtik ki a f\u00fcrd\u00e9st, napoz\u00e1st a t\u00f3 partj\u00e1n. Ha a v\u00e1ros \u00e9s k\u00f6rnyezete adta lehet\u0151s\u00e9gek felkeltett\u00e9k a figyelm\u00e9t, k\u00e9rem n\u00e9zze meg sz\u00e1ll\u00e1saj\u00e1nlatunkat.<\/p><\/blockquote>\n<\/div>\n<\/div>\n<div class=\"columns-wrapper\">\n<div class=\"three-columns\">\n<p style=\"text-align: center;\"><strong>T\u00e1vols\u00e1gok<\/strong><\/p>\n<p style=\"text-align: center;\">Strand 700 m<br \/>\nRep\u00fcl\u0151t\u00e9r 45 km<br \/>\n\u00c9tterem 300 m<br \/>\nBev\u00e1s\u00e1rl\u00e1si lehet\u0151s\u00e9g 300 m<br \/>\nOrvos\/Gy\u00f3gyszert\u00e1r 1 km<br \/>\nP\u00e1lyaudvar 1 km<\/p>\n<\/div>\n<div class=\"three-columns\">\n<p style=\"text-align: center;\"><strong>Helyis\u00e9gek<\/strong><\/p>\n<p style=\"text-align: center;\">8 H\u00e1l\u00f3szoba<br \/>\n8 F\u00fcrd\u0151szoba<br \/>\n8 WC<br \/>\n2 Konyha<br \/>\n1 L\u00e9pcs\u0151h\u00e1z<\/p>\n<\/div>\n<div class=\"three-columns nomargin\">\n<p style=\"text-align: center;\"><strong>Egy\u00e9b<\/strong><\/p>\n<p style=\"text-align: center;\">Balkonok illetve\u00a0teraszok<br \/>\nKer\u00e9kp\u00e1rt\u00e1rol\u00e1s \u00e9s k\u00f6lcs\u00f6nz\u00e9s<br \/>\nKerti b\u00fator<br \/>\n<span class=\"hihglight2\">Parkol\u00f3helyek a kertben<\/span><br \/>\nKerti pavilon<\/p>\n<\/div>\n<\/div>\n<div class=\"columns-wrapper\">\n<div class=\"two-columns\">\n<p><span class=\"drop-caps\">H<\/span>org\u00e1szat, s\u00e1rk\u00e1nyrep\u00fcl\u00e9s, \u00e9lm\u00e9nyf\u00fcrd\u0151, minigolf, ker\u00e9kp\u00e1roz\u00e1s, lovagl\u00e1s, \u00fasz\u00e1s, vitorl\u00e1z\u00e1s, ill. vitorl\u00e1shaj\u00f3 b\u00e9rl\u00e9s, vitorl\u00e1s tanfolyam, v\u00e1s\u00e1rl\u00e1s, sz\u00f6rf\u00f6z\u00e9s, tenisz, term\u00e1lf\u00fcrd\u0151, gyalogt\u00fara, vizis\u00ed, bork\u00f3stol\u00e1s, \u00e1llatkert.<\/p>\n<p>H\u00e1zi\u00e1llatok el\u0151zetes egyeztet\u00e9ssel.<\/p>\n<\/div>\n\t\n    <script src=\"http:\/\/ajax.googleapis.com\/ajax\/libs\/webfont\/1\/webfont.js\"><\/script>\n    <script type=\"text\/javascript\">\n\tWebFont.load({\n\t\tgoogle: {\n\t\tfamilies: ['Arial'] \/\/ saved value\n\t\t}\n\t});\n    <\/script>\n\n    <style>\n    #lbsp_1113 .b-link-fade .b-wrapper,#lbsp_1113 .b-link-fade .b-top-line{\n        background: rgba(181, 181, 181, 0.5);\n    }\n    #lbsp_1113 .b-link-flow .b-wrapper,#lbsp_1113 .b-link-flow .b-top-line{\n        background: rgba(181, 181, 181, 0.5);\n    }\n    #lbsp_1113 .b-link-stroke .b-top-line{\n        background: rgba(181, 181, 181, 0.5);\n    }\n    #lbsp_1113 .b-link-stroke .b-bottom-line{\n        background: rgba(181, 181, 181, 0.5);\n    }\n\n    #lbsp_1113 .b-link-box .b-top-line{\n\n        border: 16px solid rgba(181, 181, 181, 0.5);\n    }\n    #lbsp_1113 .b-link-box .b-bottom-line{\n        background: rgba(181, 181, 181, 0.5);\n    }\n    #lbsp_1113 .b-link-stripe .b-line{\n        background: rgba(181, 181, 181, 0.5);\n    }\n    #lbsp_1113 .b-link-apart-horisontal .b-top-line,#lbsp_1113 .b-link-apart-horisontal .b-top-line-up{\n        background: rgba(181, 181, 181, 0.5);\n\n    }\n    #lbsp_1113 .b-link-apart-horisontal .b-bottom-line,#lbsp_1113 .b-link-apart-horisontal .b-bottom-line-up{\n        background: rgba(181, 181, 181, 0.5);\n    }\n    #lbsp_1113 .b-link-apart-vertical .b-top-line,#lbsp_1113 .b-link-apart-vertical .b-top-line-up{\n        background: rgba(181, 181, 181, 0.5);\n    }\n    #lbsp_1113 .b-link-apart-vertical .b-bottom-line,#lbsp_1113 .b-link-apart-vertical .b-bottom-line-up{\n        background: rgba(181, 181, 181, 0.5);\n    }\n    #lbsp_1113 .b-link-diagonal .b-line{\n        background: rgba(181, 181, 181, 0.5);\n    }\n\n    #lbsp_1113 .b-wrapper{\n        font-family:Arial; \/\/ real name pass here\n    }\n\t@media (min-width: 992px){\n\t\t#lbsp_1113 .col-md-6 {\n\t\t\twidth: 49.97% !important;\n\t\t}\n\t\t#lbsp_1113 .col-md-4 {\n\t\t\twidth: 33.30% !important;\n\t\t}\n\t\t#lbsp_1113 .col-md-3 {\n\t\t\twidth: 24.90% !important;\n\t\t}\n\t\t#lbsp_1113 .col-md-2 {\n\t\t\twidth: 16.60% !important;\n\t\t}\n\t}\n\timg {\n\t\tmax-width:1600px !important;\n\t}\n\t\n\t#lbsp_1113 .lbsp_home_portfolio_caption{\n\t\tbackground:#FFFFFF;\n\t}\n\t#lbsp_1113 .lbsp_home_portfolio_caption h3{\n\t\tcolor:#000000;\n\t}\n\t#lbsp_1113 .fa{\n\t\tcolor:#FFFFFF!important;\n\t}\n\t\t#lbsp_1113 .img-box-shadow{\n\t\tbox-shadow: 0 0 6px rgba(0,0,0,.7);\n\t}\n\t\t\n\t    <\/style>\n\n    \n    <div  class=\"gal-container \" id=\"lbsp_1113\">\n\t\t\t\t\t<!--get the post id-->\n\t\t\t\t\t\t\t\t\t<div style=\"display:block;float:left\">\n\t\t\t\n\t\t\t\t<!--Gallery Title-->\n\t\t\t\t\t\t\t\t\n\t\t\t\t<div class=\"\">\n\t\t\t\t\t\t\t\t\t\t\t<div class=\"col-md-4 col-sm-6 wl-gallery\" >\n\t\t\t\t\t\t\t<div class=\"img-box-shadow\">\n\t\t\t\t\t\t\t\t\t\t\t\t\t\t\t\t\t<a title=\"\" class=\"fancybox\" data-fancybox-group=\"gallery\"  href=\"https:\/\/kaltenecker-haus.com\/wp-content\/uploads\/2017\/02\/Main_Site_04.jpg\">\n\t\t\t\t\t\t\t\t\t\t\t<img decoding=\"async\" src=\"https:\/\/kaltenecker-haus.com\/wp-content\/uploads\/2017\/02\/Main_Site_04-400x400.jpg\" class=\"gall-img-responsive\" style=\"display:none !important; visibility:hidden\" alt=\"\">\n\t\t\t\t\t\t\t\t\t\t\t<div class=\"b-link-flow b-animate-go\">\n\t\t\t\t\t\t\t\t\t\t\t\t<img decoding=\"async\" src=\"https:\/\/kaltenecker-haus.com\/wp-content\/uploads\/2017\/02\/Main_Site_04-400x400.jpg\" class=\"gall-img-responsive\" alt=\"\">\n\t\t\t\t\t\t\t\t\t\t\t<\/div>\n\t\t\t\t\t\t\t\t\t\t<\/a>\n\t\t\t\t\t\t\t\t\t\t\t\t\t\t\t\t\t\t\n\t\t\t\t\t\t\t\t\n\t\t\t\t\t\t\t\t<!--Gallery Label-->\n\t\t\t\t\t\t\t\t\t\t\t\t\t\t\t<\/div>\n\t\t\t\t\t\t<\/div>\n\t\t\t\t\t\t\t\t\t\t\t\t<div class=\"col-md-4 col-sm-6 wl-gallery\" >\n\t\t\t\t\t\t\t<div class=\"img-box-shadow\">\n\t\t\t\t\t\t\t\t\t\t\t\t\t\t\t\t\t<a title=\"\" class=\"fancybox\" data-fancybox-group=\"gallery\"  href=\"https:\/\/kaltenecker-haus.com\/wp-content\/uploads\/2017\/02\/Main_Site_05.jpg\">\n\t\t\t\t\t\t\t\t\t\t\t<img decoding=\"async\" src=\"https:\/\/kaltenecker-haus.com\/wp-content\/uploads\/2017\/02\/Main_Site_05-400x400.jpg\" class=\"gall-img-responsive\" style=\"display:none !important; visibility:hidden\" alt=\"\">\n\t\t\t\t\t\t\t\t\t\t\t<div class=\"b-link-flow b-animate-go\">\n\t\t\t\t\t\t\t\t\t\t\t\t<img decoding=\"async\" src=\"https:\/\/kaltenecker-haus.com\/wp-content\/uploads\/2017\/02\/Main_Site_05-400x400.jpg\" class=\"gall-img-responsive\" alt=\"\">\n\t\t\t\t\t\t\t\t\t\t\t<\/div>\n\t\t\t\t\t\t\t\t\t\t<\/a>\n\t\t\t\t\t\t\t\t\t\t\t\t\t\t\t\t\t\t\n\t\t\t\t\t\t\t\t\n\t\t\t\t\t\t\t\t<!--Gallery Label-->\n\t\t\t\t\t\t\t\t\t\t\t\t\t\t\t<\/div>\n\t\t\t\t\t\t<\/div>\n\t\t\t\t\t\t\t\t\t\t\t\t<div class=\"col-md-4 col-sm-6 wl-gallery\" >\n\t\t\t\t\t\t\t<div class=\"img-box-shadow\">\n\t\t\t\t\t\t\t\t\t\t\t\t\t\t\t\t\t<a title=\"\" class=\"fancybox\" data-fancybox-group=\"gallery\"  href=\"https:\/\/kaltenecker-haus.com\/wp-content\/uploads\/2017\/02\/Main_Site_06.jpg\">\n\t\t\t\t\t\t\t\t\t\t\t<img decoding=\"async\" src=\"https:\/\/kaltenecker-haus.com\/wp-content\/uploads\/2017\/02\/Main_Site_06-400x400.jpg\" class=\"gall-img-responsive\" style=\"display:none !important; visibility:hidden\" alt=\"\">\n\t\t\t\t\t\t\t\t\t\t\t<div class=\"b-link-flow b-animate-go\">\n\t\t\t\t\t\t\t\t\t\t\t\t<img decoding=\"async\" src=\"https:\/\/kaltenecker-haus.com\/wp-content\/uploads\/2017\/02\/Main_Site_06-400x400.jpg\" class=\"gall-img-responsive\" alt=\"\">\n\t\t\t\t\t\t\t\t\t\t\t<\/div>\n\t\t\t\t\t\t\t\t\t\t<\/a>\n\t\t\t\t\t\t\t\t\t\t\t\t\t\t\t\t\t\t\n\t\t\t\t\t\t\t\t\n\t\t\t\t\t\t\t\t<!--Gallery Label-->\n\t\t\t\t\t\t\t\t\t\t\t\t\t\t\t<\/div>\n\t\t\t\t\t\t<\/div>\n\t\t\t\t\t\t\t\t\t\t<\/div>\n\t\t\t\t\t\t<\/div>\n\t\t\t\t\n\t\t    <\/div>\n\n\t<!-- Photo box-->\n    \t\n\t\n\t<!-- Swipe Box-->\n\t\t\n\t<!-- Ion box-->\n\t\t\n\t\n\t<!-- Fancy box-->\n\t\t<script type=\"text\/javascript\">\n\tjQuery(document).ready(function() {\n\t\tjQuery('.fancybox').fancybox();\n\t});\n\t<\/script>\n\t\t\t\n        \n<div id=\"slider_69e154d62ed3c\" class=\"slider_instance\" style=\"position: relative;\" data-options=\"{&quot;id&quot;:1,&quot;name&quot;:&quot;slider 1&quot;,&quot;instanceName&quot;:&quot;slider 1&quot;,&quot;date&quot;:&quot;2021-06-28 20:34:17&quot;,&quot;status&quot;:&quot;published&quot;,&quot;layerWidth&quot;:&quot;100%&quot;,&quot;layerHeight&quot;:&quot;100%&quot;,&quot;shadow&quot;:&quot;effect1&quot;,&quot;mode&quot;:&quot;webgl&quot;,&quot;initialSlide&quot;:0,&quot;grabCursor&quot;:true,&quot;stopOnLastSlide&quot;:false,&quot;showSlidesRandomOrder&quot;:false,&quot;preloadFirstSlide&quot;:false,&quot;width&quot;:1000,&quot;height&quot;:400,&quot;responsive&quot;:false,&quot;ratio&quot;:2,&quot;forceResponsive&quot;:false,&quot;fullscreen&quot;:false,&quot;layerStarOnTransitionStart&quot;:true,&quot;autoplay&quot;:{&quot;enable&quot;:true,&quot;delay&quot;:3000,&quot;progress&quot;:false,&quot;pauseOnHover&quot;:false,&quot;reverseDirection&quot;:false},&quot;buttons&quot;:{&quot;pauseVisible&quot;:false,&quot;muteVisible&quot;:false},&quot;resetVideos&quot;:false,&quot;videoAutoplay&quot;:true,&quot;navigation&quot;:{&quot;enable&quot;:false,&quot;style&quot;:&quot;effect6&quot;},&quot;keyboard&quot;:{&quot;enable&quot;:true},&quot;wheelNavigation&quot;:{&quot;enable&quot;:true,&quot;stopOnLast&quot;:false,&quot;interval&quot;:2000},&quot;pagination&quot;:{&quot;enable&quot;:false,&quot;style&quot;:&quot;effect6&quot;,&quot;clickable&quot;:false,&quot;dynamicBullets&quot;:false},&quot;thumbs&quot;:{&quot;enable&quot;:false,&quot;position&quot;:&quot;bottom&quot;,&quot;thumbWidth&quot;:100,&quot;thumbHeight&quot;:60,&quot;spaceAround&quot;:3,&quot;spaceBetween&quot;:3,&quot;outsideSlider&quot;:true,&quot;centered&quot;:true},&quot;hashNavigation&quot;:{&quot;enable&quot;:false},&quot;loading&quot;:{&quot;fadeEffect&quot;:true,&quot;backgroundColor&quot;:&quot;#FFFFFF&quot;,&quot;color&quot;:&quot;#262626&quot;,&quot;style&quot;:&quot;style1&quot;},&quot;lightbox&quot;:{&quot;backgroundColor&quot;:&quot;#000000F2&quot;,&quot;closeColor&quot;:&quot;#FFFFFF&quot;},&quot;slides&quot;:[{&quot;src&quot;:&quot;https:\\\/\\\/kaltenecker-haus.com\\\/wp-content\\\/uploads\\\/2021\\\/07\\\/20210704_190602-scaled.jpg&quot;,&quot;thumbSrc&quot;:&quot;https:\\\/\\\/kaltenecker-haus.com\\\/wp-content\\\/uploads\\\/2021\\\/07\\\/20210704_190602-300x169.jpg&quot;},{&quot;src&quot;:&quot;https:\\\/\\\/kaltenecker-haus.com\\\/wp-content\\\/uploads\\\/2021\\\/07\\\/20210704_185231-scaled.jpg&quot;,&quot;thumbSrc&quot;:&quot;https:\\\/\\\/kaltenecker-haus.com\\\/wp-content\\\/uploads\\\/2021\\\/07\\\/20210704_185231-300x169.jpg&quot;},{&quot;src&quot;:&quot;https:\\\/\\\/kaltenecker-haus.com\\\/wp-content\\\/uploads\\\/2021\\\/07\\\/20210704_184951-scaled.jpg&quot;,&quot;thumbSrc&quot;:&quot;https:\\\/\\\/kaltenecker-haus.com\\\/wp-content\\\/uploads\\\/2021\\\/07\\\/20210704_184951-300x169.jpg&quot;},{&quot;src&quot;:&quot;https:\\\/\\\/kaltenecker-haus.com\\\/wp-content\\\/uploads\\\/2021\\\/07\\\/20210704_180920-scaled.jpg&quot;,&quot;thumbSrc&quot;:&quot;https:\\\/\\\/kaltenecker-haus.com\\\/wp-content\\\/uploads\\\/2021\\\/07\\\/20210704_180920-300x169.jpg&quot;},{&quot;src&quot;:&quot;https:\\\/\\\/kaltenecker-haus.com\\\/wp-content\\\/uploads\\\/2021\\\/07\\\/20210704_182148-scaled.jpg&quot;,&quot;thumbSrc&quot;:&quot;https:\\\/\\\/kaltenecker-haus.com\\\/wp-content\\\/uploads\\\/2021\\\/07\\\/20210704_182148-300x169.jpg&quot;},{&quot;src&quot;:&quot;https:\\\/\\\/kaltenecker-haus.com\\\/wp-content\\\/uploads\\\/2021\\\/07\\\/20210704_183801-scaled.jpg&quot;,&quot;thumbSrc&quot;:&quot;https:\\\/\\\/kaltenecker-haus.com\\\/wp-content\\\/uploads\\\/2021\\\/07\\\/20210704_183801-300x169.jpg&quot;},{&quot;src&quot;:&quot;https:\\\/\\\/kaltenecker-haus.com\\\/wp-content\\\/uploads\\\/2021\\\/07\\\/20210704_183213-scaled.jpg&quot;,&quot;thumbSrc&quot;:&quot;https:\\\/\\\/kaltenecker-haus.com\\\/wp-content\\\/uploads\\\/2021\\\/07\\\/20210704_183213-300x169.jpg&quot;},{&quot;src&quot;:&quot;https:\\\/\\\/kaltenecker-haus.com\\\/wp-content\\\/uploads\\\/2021\\\/07\\\/20210704_185739-scaled.jpg&quot;,&quot;thumbSrc&quot;:&quot;https:\\\/\\\/kaltenecker-haus.com\\\/wp-content\\\/uploads\\\/2021\\\/07\\\/20210704_185739-300x169.jpg&quot;},{&quot;src&quot;:&quot;https:\\\/\\\/kaltenecker-haus.com\\\/wp-content\\\/uploads\\\/2021\\\/07\\\/20210704_183949-scaled.jpg&quot;,&quot;thumbSrc&quot;:&quot;https:\\\/\\\/kaltenecker-haus.com\\\/wp-content\\\/uploads\\\/2021\\\/07\\\/20210704_183949-300x169.jpg&quot;}],&quot;fullscreenTablet&quot;:false,&quot;fullscreenMobile&quot;:false,&quot;widthMobile&quot;:1000,&quot;widthTablet&quot;:1000,&quot;heightMobile&quot;:400,&quot;heightTablet&quot;:400,&quot;responsiveMobile&quot;:false,&quot;responsiveTablet&quot;:false,&quot;forceResponsiveMobile&quot;:false,&quot;forceResponsiveTablet&quot;:false,&quot;lightboxMode&quot;:[],&quot;lightboxModeMobile&quot;:[],&quot;lightboxModeTablet&quot;:[],&quot;rootFolder&quot;:&quot;https:\\\/\\\/kaltenecker-haus.com\\\/wp-content\\\/plugins\\\/transition-slider-lite\\\/&quot;}\"><\/div>\n<\/div>\n<h1><\/h1>\n<h1 style=\"text-align: center;\"><strong>\u00c1raink<\/strong><\/h1>\n<div>\n<table class=\"pricing-table\" style=\"height: 156px;\" width=\"836\">\n<tbody>\n<tr class=\"table-title\">\n<td style=\"text-align: left;\">2026<\/td>\n<td style=\"text-align: left;\">2 \u00c1gyas Szoba 2 f\u0151<\/td>\n<td style=\"text-align: left;\">3 \u00c1gyas Szoba 3 f\u0151<\/td>\n<td style=\"text-align: left;\">Apartman<\/td>\n<\/tr>\n<tr class=\"table-description\">\n<td style=\"text-align: left;\">\u00c1prilis 15 &#8211; J\u00fanius 10<\/td>\n<td style=\"text-align: left;\">21.000 HUF<\/td>\n<td style=\"text-align: left;\">25.000 HUF<\/td>\n<td style=\"text-align: left;\">31.000 HUF<\/td>\n<\/tr>\n<tr class=\"table-description\">\n<td style=\"text-align: left;\">J\u00fanius 11 &#8211; J\u00falius 04<\/td>\n<td style=\"text-align: left;\">23.000 HUF<\/td>\n<td style=\"text-align: left;\">26.000 HUF<\/td>\n<td style=\"text-align: left;\">32.000 HUF<\/td>\n<\/tr>\n<tr class=\"table-description\">\n<td style=\"text-align: left;\">J\u00falius 05 &#8211; Augusztus 24<\/td>\n<td style=\"text-align: left;\">26.000 HUF<\/td>\n<td style=\"text-align: left;\">30.000 HUF<\/td>\n<td style=\"text-align: left;\">36.000 HUF<\/td>\n<\/tr>\n<tr class=\"table-description\">\n<td style=\"text-align: left;\">Augusztus 25 &#8211; Szeptember 05<\/td>\n<td style=\"text-align: left;\">23.000 HUF<\/td>\n<td style=\"text-align: left;\">26.000 HUF<\/td>\n<td style=\"text-align: left;\">32.000 HUF<\/td>\n<\/tr>\n<tr class=\"table-description\">\n<td style=\"text-align: left;\">Szeptember 06 &#8211; Okt\u00f3ber 15<\/td>\n<td style=\"text-align: left;\">21.000 HUF<\/td>\n<td style=\"text-align: left;\">25.000 HUF<\/td>\n<td style=\"text-align: left;\">31.000 HUF<\/td>\n<\/tr>\n<\/tbody>\n<\/table>\n<\/div>\n<div><\/div>\n<div class=\"info_box\" style=\"text-align: center;\">Gyermekek 4 \u00e9ves korig (amennyiben nincs sz\u00fcks\u00e9g k\u00fcl\u00f6n \u00e1gyra) ingyenes, 4-14 \u00e9ves kor k\u00f6z\u00f6tt p\u00f3t\u00e1gyon t\u00f6rt\u00e9n\u0151 elhelyez\u00e9s eset\u00e9n 50% kedvezm\u00e9ny. SZ\u00c9P k\u00e1rty\u00e1t elfogadunk!<br \/>\n<span class=\"hihglight2\">Ingyenes WLAN el\u00e9rhet\u0151s\u00e9g \u00e9s szint\u00e9n ingyenes kl\u00edma!<\/span><\/div>\n<h1 style=\"text-align: center;\">\u00c9rdekl\u0151d\u00e9s\u00e9t K\u00f6sz\u00f6nj\u00fck!<\/h1>\n<h3 style=\"text-align: center;\"><em>Oldalunkat rendszeresen friss\u00edtj\u00fck, hogy naprak\u00e9sz adatokkal, k\u00e9pekkel tudjunk szolg\u00e1lni\u00a0\u00d6nnek!<br \/>\nFriss\u00edtve: 2026 Janu\u00e1r 18-\u00e1n.<\/em><\/h3>\n","protected":false},"excerpt":{"rendered":"<p>\u00dcdv\u00f6z\u00f6lj\u00fck oldalunkon! Honlapunk\u00a0pontosan \u00d6nnek k\u00e9sz\u00fclt, hogy min\u00e9l t\u00f6bb\u00a0inform\u00e1ci\u00f3hoz jusson szolg\u00e1ltat\u00e1sainkkal kapcsolatban! A Kaltenecker-H\u00e1z, t\u00f6bb klimatiz\u00e1lt appartmannal \u00e9s f\u00fcrd\u0151szob\u00e1s szob\u00e1val rendelkezik. 2 &#8211; 3 &#8211; 4 &#8211; 5 f\u0151s elhelyez\u00e9sre van lehet\u0151s\u00e9g, \u00edgy ak\u00e1r egy f\u0151t\u0151l nagyobb csoportig van f\u00e9r\u0151hely\u00fcnk. Az appartmanokban minikonyha, a f\u00fcrd\u0151szob\u00e1s szob\u00e1kban h\u0171t\u0151, mikrohull\u00e1m\u00fa s\u00fct\u0151, v\u00edzforral\u00f3, k\u00e1v\u00e9f\u0151z\u0151 \u00e9s ed\u00e9nyek vannak. Minden appartmanhoz [&hellip;]<\/p>\n","protected":false},"author":1,"featured_media":0,"parent":0,"menu_order":0,"comment_status":"open","ping_status":"open","template":"template-home.php","meta":{"footnotes":""},"class_list":["post-369","page","type-page","status-publish","hentry"],"_links":{"self":[{"href":"https:\/\/kaltenecker-haus.com\/index.php?rest_route=\/wp\/v2\/pages\/369","targetHints":{"allow":["GET"]}}],"collection":[{"href":"https:\/\/kaltenecker-haus.com\/index.php?rest_route=\/wp\/v2\/pages"}],"about":[{"href":"https:\/\/kaltenecker-haus.com\/index.php?rest_route=\/wp\/v2\/types\/page"}],"author":[{"embeddable":true,"href":"https:\/\/kaltenecker-haus.com\/index.php?rest_route=\/wp\/v2\/users\/1"}],"replies":[{"embeddable":true,"href":"https:\/\/kaltenecker-haus.com\/index.php?rest_route=%2Fwp%2Fv2%2Fcomments&post=369"}],"version-history":[{"count":312,"href":"https:\/\/kaltenecker-haus.com\/index.php?rest_route=\/wp\/v2\/pages\/369\/revisions"}],"predecessor-version":[{"id":1891,"href":"https:\/\/kaltenecker-haus.com\/index.php?rest_route=\/wp\/v2\/pages\/369\/revisions\/1891"}],"wp:attachment":[{"href":"https:\/\/kaltenecker-haus.com\/index.php?rest_route=%2Fwp%2Fv2%2Fmedia&parent=369"}],"curies":[{"name":"wp","href":"https:\/\/api.w.org\/{rel}","templated":true}]}}